*t. Suppose 5*z - 4*j - 2347 = t, -3*j - 47 = -53. What is the units digit of z?
1
Let h be (-2 + 21/15)*-5. Suppose -l - 2 = h*g + 2, -2*g = 8. What is the units digit of ((-8)/(-12))/(3/(180/l))?
5
Suppose 153*m = 162*m - 18. Let a = -7 - -10. Suppose 2*y = m*n + 6*y - 120, 130 = a*n - 4*y. What is the tens digit of n?
5
What is the units digit of 2082/1735 + 9628/10?
4
Suppose 0 = a - y + 14, a + 2*y = -4 - 1. Let q = a + 14. What is the units digit of (q - (-180)/16)*4?
7
Suppose -4*g + 4*m - 454 = -12754, 0 = g + 2*m - 3060. What is the tens digit of g?
7
Let x = -202 - -139. Let s = 1016 - x. What is the thousands digit of s?
1
Let z(y) = -53 + 72 + 162*y + 122. What is the units digit of z(9)?
9
Let a = 257 - 250. What is the units digit of (-21)/a - -231 - (-8)/(-2)?
4
Suppose -4*d = 3*y - 35781, 11*y - 35769 = -4*d + 12*y. What is the thousands digit of d?
8
Let g = 7200 + 3490. What is the thousands digit of g?
0
Let b(k) = -5 - 10 - 10 + 2 + k. Let c be b(7). What is the tens digit of 3/((0 + (-4)/c)/8)?
9
Suppose 0 = -87*d - 99267 + 557235. What is the thousands digit of d?
5
Suppose f + 3*r - r - 12383 = 0, f - 5*r = 12369. Suppose -24*n + f = -19157. What is the hundreds digit of n?
3
Suppose 41*d = -5*d + 184. Suppose 0 = -0*i + 4*i + 2*g - 5862, -d*g = 12. What is the hundreds digit of i?
4
Suppose 11*u - 4*u + 18*u - 303725 = 0. What is the tens digit of u?
4
Let t(u) be the first derivative of -27*u + 24 - 1/3*u**3 - 17/2*u**2. What is the units digit of t(-8)?
5
Suppose 76*w = -47*w - 29*w + 398696. What is the tens digit of w?
2
Suppose 5*n - 5*s = 25710, -12*n + 9*n - 5*s = -15394. What is the tens digit of n?
3
Suppose -4*r + 64 = -2*r. Suppose 82 = -2*s + r. Let a = s + 61. What is the units digit of a?
6
Let i(q) = -q**3 + 10*q**2 - 14*q - 13. Let u be -2 - ((-1 - -3 - 2) + -10). What is the units digit of i(u)?
3
Let i(w) = 713*w**2 + 66*w - 492. What is the units digit of i(6)?
2
Let h(f) be the second derivative of -12*f + 7/2*f**2 + 1/6*f**4 + 0 + 2/3*f**3. What is the units digit of h(-2)?
7
Suppose 2*y + 10 = 0, 0 = 5*r - 3*y - 55 - 0. Suppose -39 = -9*p + r*p. What is the units digit of p?
9
Suppose 8*t - 29750 - 66610 = -25*t. What is the tens digit of t?
2
Let j be (-605)/(-209) + (-2)/(-19). Suppose 0 = -l - d - 0*d + 297, -4*d + 888 = j*l. What is the units digit of l?
0
Let n(p) = 8*p**2 + 231*p - 29. Let f be n(-29). Suppose f = 13*x - 8405 - 4127. What is the hundreds digit of x?
9
Let g = -61 + 69. Suppose g*n = 3819 + 2029. What is the tens digit of n?
3
Suppose 28*d = 26*d + 32. Suppose -4*p = 3*c - 703, d*p - 14*p + c = 353. What is the units digit of p?
8
Suppose -4*l = -2*w + 6*w - 20, 3*l = -3. Suppose -c - w*c = -959. Suppose b + 2*o = c, 0 = -4*b - 0*b - 3*o + 553. What is the tens digit of b?
3
Let k(n) = -975*n - 483. What is the tens digit of k(-7)?
4
Suppose 123*m + 112 = 127*m. Suppose -2242 = -2*f - 2*g, 25*f = m*f - g - 3383. What is the tens digit of f?
2
Let r(l) = -3 + 4640*l - 2314*l - 2320*l + 19*l**2. What is the hundreds digit of r(3)?
1
Suppose 0*t = 3*t - 177. Suppose 0 = -6*r - 449 + t. Let z = r + 75. What is the tens digit of z?
1
Let s(x) = -2*x**2 + 7*x + 1. Suppose 2 - 11 = -3*j. Let u be s(j). What is the tens digit of u/((-24)/42*(-7)/10)?
1
Let y be 128 - (-9 - -4 - -2). Let z = y + -3. What is the units digit of z?
8
Let x = -146 - -153. Suppose x*f - 4*f = 57. Suppose 5*s - 114 = -c + f, -3*s = -c + 125. What is the units digit of c?
8
Let v = -10 - 14. Let k be v/9*(-3)/2. What is the units digit of (-1 + 7/k)*(-1708)/(-7)?
3
Suppose -28182 = a - 12*a. Suppose -6*z + 1928 = -3*z - 5*m, 0 = -4*z - 2*m + a. What is the tens digit of z?
4
Suppose 403851 + 58655 = 11*v - 547415. What is the ten thousands digit of v?
9
Let s(i) = i**3 + 8*i**2 + 5*i - 10. Let u be s(-7). Suppose 5*p - 280 = -0*p. Suppose -2*g + p = -4*j, 0 = 4*g + u*j - 5*j - 119. What is the units digit of g?
0
Let x(s) = -s**3 - 10*s**2 + s - 12. Suppose f + 64 = 53. Let i be x(f). Let z = -59 + i. What is the units digit of z?
9
Let j(v) = -v + 1. Let x(r) = -r**3 - 11*r**2 - 7*r + 12. Let l = -32 - -33. Let a(t) = l*x(t) + 5*j(t). What is the units digit of a(-10)?
7
Let r = -1193 - 144. Let t = -834 - r. What is the units digit of t?
3
Let n(p) = -559*p + 4819. What is the ten thousands digit of n(-80)?
4
Let j = 8 + -16. Let g be 3/(-5) - j/(80/46). Suppose -w + 203 = -2*b + 4*b, -877 = -g*w + 5*b. What is the hundreds digit of w?
2
What is the units digit of 26216/10 - (-32)/(3520/(-66))?
1
Let o(m) = -2*m**2 - 5*m + 7. Let j(d) = d**2 + 5*d - 6. Let a(v) = -4*j(v) - 5*o(v). What is the units digit of a(-8)?
3
Let z(a) = -a**3 + 11*a**2 - 4*a + 34. Suppose 4*p - p - 21 = 0. What is the tens digit of z(p)?
0
Suppose 193 + 57 = -2*n. Let s be ((-5)/(n/20))/(4/10). Suppose -s*t = -t - 10. What is the units digit of t?
0
Let z = -199 + 174. Let f(b) = -b**3 - 26*b**2 - 57*b - 3. What is the units digit of f(z)?
7
Let t = -206 - -429. Let v = t - -325. What is the units digit of v?
8
Suppose t + 4*t - 1275 = 5*k, -770 = -3*t - 2*k. Suppose 2*g = t - 22. What is the units digit of g?
7
Suppose -18*w + 5*w = -52. What is the units digit of 334 - (15/45 - w/3)?
5
Let r(c) = -8*c - 9. Let s be r(-2). Let q be (-1)/((21/279)/s). Let x = q - -168. What is the tens digit of x?
7
Let x(z) = -13 + z**2 + 1529*z + z**2 - 1513*z. Let n be x(-8). What is the units digit of (-316)/16*(5 + n)?
8
Let p be -2*(7/28)/((-2)/84). Let d = p - 1. Suppose 0 = t + 5*z - 191, -3*t + z = -537 - d. What is the hundreds digit of t?
1
What is the ten thousands digit of 25742*(-8 + 69/6 + -3)?
1
Let g(v) = v**3 + 14*v**2 - 32*v. Suppose 0 = -5*z + 5*s - 90, 18 = -3*z + 4*s - 38. Let u be g(z). What is the tens digit of u/3 - (-3 + 84/(-4))?
2
Let q = -35 - -34. What is the units digit of (q*1146/9*-6)/1?
4
Let c(f) = f**3 + 4*f**2 - 2*f - 3. Let g be c(-3). Suppose g*n - 13*n = -421. What is the tens digit of n?
2
Let x = -4230 + 9691. What is the thousands digit of x?
5
Let u be (-10)/2*-3*(-54)/(-162). Suppose -u*v = 2*z - z - 330, 1740 = 5*z - 5*v. What is the tens digit of z?
4
Suppose 481500 - 103148 = 68*o. What is the units digit of o?
4
Let c(s) = 3*s**2 + 44*s - 10. Let o be c(-15). Suppose -o*r - 16836 = -28*r. What is the tens digit of r?
3
Suppose 0 = c - 1, 3*j - 10 = -4*c. Suppose -j*m + 9 = 5. Suppose 30 = m*o - 46. What is the tens digit of o?
3
Let f be 63/21 - (1 + -2 - 38). Suppose f*b + 17776 = 58*b. What is the units digit of b?
1
Let p be -3 - (-57 + 2)/(-1) - 2. What is the hundreds digit of (-3192)/10*150/p?
7
Suppose 17*w - 16*w - 2*j - 119 = 0, 5*j = 4*w - 488. Suppose -w*v + 122*v = -1470. What is the tens digit of v?
9
Let k be 16/32 + 14/4. Suppose -k*x = 30 - 558. What is the units digit of x?
2
Let r(z) be the third derivative of -z**5/30 + 37*z**4/24 + 7*z**3/2 - 14*z**2. What is the tens digit of r(13)?
6
Suppose -4*d - 24152 = -9*d + 5858. What is the hundreds digit of d?
0
Let r = -665 + 629. Let w be ((-61)/(-3))/((-2)/(-6)). Let x = w + r. What is the tens digit of x?
2
Let q be ((-2)/(-1))/(-4)*0 - -41. Suppose -46*a + q*a - 1480 = 0. Let t = 523 + a. What is the hundreds digit of t?
2
Let m(c) = -c**2 - 21*c - 54. Let b be m(-18). What is the hundreds digit of (-2 - (-180 - b))*(57 - 55)?
3
Let y(j) be the first derivative of 47*j**3/3 + 6*j**2 - 21*j + 152. What is the units digit of y(6)?
3
Let c(k) = -48*k - 42*k + 3 + 14*k. Let f be c(-5). Suppose 0 = -q - 4*n + 63, -5*n = 5*q - 2*n - f. What is the units digit of q?
9
Suppose -3*o = -0*o - 39. Suppose 2*x = o*x - 2475. What is the tens digit of x?
2
Suppose -28831 = -3*t - 4*h + 113559, -2*t - 2*h = -94926. What is the tens digit of t?
6
Suppose 4*p - 4*j - 6364 = 0, 0 = 2*p + p + 4*j - 4787. Suppose 3*l = -5*a + 1616 + 1, 5*a - 3*l = p. What is the tens digit of a?
2
Suppose -93 - 75 = -12*y. Suppose j - 7035 = -y*j. What is the tens digit of j?
6
Let r(v) = 73*v + 108. Let k be r(6). Let n = k + 157. What is the units digit of n?
3
Suppose -p - 4 = 0, -262*p = -3*l - 258*p + 25414. What is the units digit of l?
6
Suppose -b = -6*b + 35159 + 15751. What is the thousands digit of b?
0
Let s = 105 + -138. Let g = s + 284. What is the hun